Let b = 11 - 8. Let z = b + -12. What are the prime factors of 4/(25/z + 3)?
2, 3
Suppose 2*o - 1062 = -4*y, -2*y + 3*y + 3*o - 263 = 0. List the prime factors of y.
2, 7, 19
Let f = 23 - 14. Suppose 4*l = f*l - 320. What are the prime factors of l?
2
Suppose -2*n - 4096 = -2*b, -4*n + 10285 = -2*b + 7*b. What are the prime factors of b?
2053
Suppose 9*t + t = 40. Suppose -t*o + 3*o + 2*w = -144, -w - 407 = -3*o. What are the prime factors of o?
2, 67
Suppose 0 = -4*g + 5*y + 6, g - 4*y + 2 = -2. List the prime factors of ((-9485)/70)/((6/g)/(-3)).
271
What are the prime factors of 288128/224 - (-2)/(-7)?
2, 643
Let l(q) = -q**3 + 6*q**2 - 6*q + 5. Let v be l(5). Suppose 2*m - 399 + 39 = v. List the prime factors of m.
2, 3, 5
Suppose 60 = 2*q - 4*q - 4*y, 4*q - 3*y + 65 = 0. Let p = -31 - q. Let l = 13 + p. List the prime factors of l.
2
Let o be 2 + 1*(-4 - -83). What are the prime factors of (o/(-2))/((-9)/12)?
2, 3
Let c(q) = 2*q**3 - 4*q**2 + 20*q - 58. What are the prime factors of c(6)?
2, 5, 7
Suppose -25 = 5*i, -2*c + 2*i - 694 = -2948. List the prime factors of c.
2, 3, 11, 17
Let w be (-2 - -32) + 1 - -3. Suppose 3*k - w = 8*k + i, 4*k + 28 = -i. List the prime factors of 102/5 - k/(-15).
2, 5
What are the prime factors of (4 + 5 - -1437) + -4?
2, 7, 103
Let c(n) be the third derivative of -n**4/8 + n**3/6 - n**2. Let m be c(-4). Let u = 17 + m. List the prime factors of u.
2, 3, 5
List the prime factors of ((-49)/(-14) + -3)*10.
5
Let i(n) = -385*n**3 + 14*n**2 + 24*n - 2. What are the prime factors of i(-2)?
2, 1543
Let w = 386 - 111. Let x = w - 144. List the prime factors of x.
131
Suppose 6*s - 3*s = 936. What are the prime factors of s?
2, 3, 13
Let l be 1 + (0/1)/3. Let x be (-4)/l + 5/5. What are the prime factors of 25 + x + (-4 - -4)?
2, 11
Let q(y) be the third derivative of 0 + 0*y - 10/3*y**3 + 9*y**2 - 7/12*y**4 - 1/60*y**5. What are the prime factors of q(-9)?
5
Suppose -n = -3*f + 3*n + 40, 0 = -f + n + 12. List the prime factors of 2/f - 414/(-8).
2, 13
Let d be (-4 + 0 + -1)*-1. Let i(w) = w**2 - 2*w - 6. List the prime factors of i(d).
3
Let w(c) = -2199*c - 53. What are the prime factors of w(-2)?
5, 11, 79
Suppose 3*u = 8*u - 165. Suppose 4*m = 2*j - 16, 3*j - 5*m + 2*m = u. What are the prime factors of j?
2, 7
Let w be (120/(-14))/(4/(-28)). Suppose 0 = 2*c, -3*b + c + w = -123. What are the prime factors of b?
61
Let d be (20/(-2))/(1 - -4 - 7). Suppose 5*p - f - 8 - 109 = 0, 0 = p + d*f - 13. List the prime factors of p.
23
Let j be -4 - 249*((-15)/(-9) + -2). Let i = 238 - j. List the prime factors of i.
3, 53
Suppose 9*f = -0*f - 378. What are the prime factors of ((-258)/(-8))/((f/(-16))/7)?
2, 43
Let y(j) = 10*j**2 + 9*j - 35. List the prime factors of y(10).
5, 211
List the prime factors of (2 - 6 - -1568)/2.
2, 17, 23
Suppose 14*c - 15257 - 14633 = 0. What are the prime factors of c?
5, 7, 61
Let u(f) = -10*f + 5. Let n = -64 + 58. What are the prime factors of u(n)?
5, 13
Let u = 546 - -72. Suppose 5*j = 167 + u. List the prime factors of j.
157
Let i(y) = 7*y. Let c be i(1). Let q(d) be the second derivative of -d**3/6 + 7*d**2 + d + 9. List the prime factors of q(c).
7
Let o(m) = 72*m - 25. Let w be o(10). Let j = -475 + w. What are the prime factors of j?
2, 5, 11
Suppose -d + 24 = -5*d. List the prime factors of 1392/20 + d/(-15).
2, 5, 7
Suppose -4*c + 61 = c + 4*v, -24 = -4*c + 3*v. Let t be (6/c)/(3/54). Let b = 15 - t. What are the prime factors of b?
3
Let l = 104 + -207. Let u = l - -114. What are the prime factors of u?
11
Let w(n) = -3*n**2 + n - 1. Let r be w(3). Let z = r - -29. Suppose 2*t + 42 = z*t. List the prime factors of t.
3, 7
Let q = -34 - -35. What are the prime factors of 3 - (q - 72)*1?
2, 37
Let o = 7141 + -2840. What are the prime factors of o?
11, 17, 23
Let k(a) = 18*a - 173. Let g(q) = -16*q + 174. Let u(x) = 5*g(x) + 4*k(x). List the prime factors of u(0).
2, 89
Let a(z) = 2*z - 6. Let i be a(3). Suppose -o - s - 2 + i = 0, -o = -2*s - 4. Let w = 28 + o. What are the prime factors of w?
2, 7
Suppose 5*i - 24 = 441. Suppose h + 4*o + 4 = i, -3*h = 5*o - 302. List the prime factors of h.
109
Let z(r) = -r**3 + 6*r**2 + 8*r - 11. Suppose 5*p - 11 = 4*k, 2*k - p + 4 = 3*k. Let c be (7/28)/(k/20). What are the prime factors of z(c)?
2, 3
Let m(q) = -q**3 + q. Let o = 7 + -7. Let c be m(o). Suppose c = b - 4*g - 5 - 45, 4*b = -5*g + 95. What are the prime factors of b?
2, 3, 5
Let t(u) = 8*u**3 - 2*u**2 + 4*u - 2. Let h be -1 + -1 + (-6)/(-2). What are the prime factors of t(h)?
2
List the prime factors of 344 + (-15)/3 + (-2)/2.
2, 13
Let q = -493 + 141. Let c = q + 525. What are the prime factors of c?
173
Let t(g) = 72*g**2 - 11*g - 24. What are the prime factors of t(-3)?
3, 73
Let l(s) = -26*s - 30. Let z be l(-17). Suppose 0 = y + 3*w - 207, 0*y = 2*y + 5*w - z. List the prime factors of y.
3, 67
Let y(q) = -3. Let b(o) = 1. Let j(z) = -2*b(z) - y(z). Let s(u) = -9*u - 3. Let a(f) = -6*j(f) - s(f). What are the prime factors of a(2)?
3, 5
Let v = 70 + -243. Let c be (-33)/(-44) + v/(-4). Let a = c + 0. What are the prime factors of a?
2, 11
Suppose 2*a + a - 195 = 0. What are the prime factors of 3/(-15) + 988/a?
3, 5
Suppose -w - 68 = w. Let d = w + 38. What are the prime factors of d?
2
Let c(a) = -24*a + 15. Let z(g) = -g**2 - g - 1. Let o be z(3). Let r(s) = -12*s + 7. Let u(j) = o*r(j) + 6*c(j). What are the prime factors of u(1)?
11
Suppose -5*d = -3*d - 4*w + 2, -4*d + 2*w + 20 = 0. Let b = d + -3. Suppose -b*z + 8*z = 216. List the prime factors of z.
2, 3
Suppose 0 = -5*c + 5 - 10. Let k(m) = 83*m**2 - m. Let g be k(c). What are the prime factors of (-3 + g/20)*45?
2, 3
Suppose -5*c = 5*h + 595, 5*c = 5*h + 379 + 236. Let v = -105 - h. List the prime factors of v.
2
Let v(a) = -3*a - 6. Let z be v(4). Let o = z - -18. Suppose 2*h - 7*h + 245 = o. What are the prime factors of h?
7
Suppose -w = a - 3*a + 1742, 0 = -3*a - w + 2613. What are the prime factors of a?
13, 67
Let z(i) = 4*i**2 - 8*i + 15. Let f be z(-11). Suppose 5*m - f = -57. List the prime factors of m.
2, 53
Let v = -7 - -6. List the prime factors of v + 4/2 + 68.
3, 23
Suppose -12*u + 5*u + 259 = 0. Suppose -1185 = 32*z - u*z. What are the prime factors of z?
3, 79
Suppose 7 = 26*t - 19*t. Let f be 66/4 + 2/(-4). Suppose -3*s + f = t. List the prime factors of s.
5
Let r = -311 + 861. What are the prime factors of r?
2, 5, 11
Suppose 5*o = 2*a - 1, -17 = -5*a - 0*a - 2*o. List the prime factors of (-3 + -64)/(2 - a).
67
Let g(m) = -m**3 - m**2 - 5. Let p be g(0). Suppose 53*q - 78 = 47*q. Let u = q + p. List the prime factors of u.
2
Suppose -8 = 4*a, -12*a + 7*a - 5365 = -5*t. List the prime factors of t.
3, 7, 17
Suppose -2*c - 3*c = 1600. Let f be (-2)/3 - c/12. List the prime factors of f + 2 - 6/(-2).
31
Suppose 4*k = -8*k + 1560. List the prime factors of (k + -2)/1 + -2.
2, 3, 7
Suppose -4*c + 52 = 5*s, -2*s + 22 = -0*s + c. Let w(d) be the third derivative of d**5/60 - 11*d**4/24 + 7*d**2. What are the prime factors of w(s)?
2, 3
Suppose 175 = l - 3*z, l + 6*z - 181 = 3*z. Suppose -5*t + 247 = -l. List the prime factors of t.
5, 17
Let q = 29 - 26. Suppose 0 = 4*t - 2*m - 98, -64 = -2*t + q*m + m. Suppose 10 = 4*f - t. List the prime factors of f.
2
Let d(m) be the second derivative of 7/3*m**3 - 5*m - 1/12*m**4 + 0 + 3*m**2. What are the prime factors of d(14)?
2, 3
Let n = 1248 + -669. What are the prime factors of n?
3, 193
Let t(o) = -566*o - 19. What are the prime factors of t(-1)?
547
Suppose 287 = 7*h + 868. Let g = h + 110. List the prime factors of g.
3
Let d be (-3)/(-5) - (-17)/5. Suppose 4*c - d*t - 105 - 471 = 0, 4*c - 582 = t. What are the prime factors of c?
2, 73
Suppose 0 = -10*o + 9*o + 828. What are the prime factors of o?
2, 3, 23
Let l = 5526 + -2479. What are the prime factors of l?
11, 277
Suppose 4954 = 19*b + 1344. What are the prime factors of b?
2, 5, 19
Let p(t) = -19*t - 6. Let q(a) = 29*a + 9. Let z(j) = 8*p(j) + 5*q(j). What are the prime factors of z(-4)?
5
Suppose 0 = 13*u + 7 - 59. Let q(o) = 5*o**2 + 13*o + 8. List the prime factors of q(u).
2, 5, 7
Suppose 8*d = 4*d + 12. Suppose -15 = 4*b + 5, -b = -d*w - 1. Let v = 14 + w. List the prime factors